NOAA-Style Climate Reports


Report for 2003 May
                  MONTHLY CLIMATOLOGICAL SUMMARY FOR 5/2003
                                        HEAT  COOL        
     MEAN                               DEG   DEG       WIND SPEED       DOM MEAN  MEAN
DAY  TEMP  HIGH   TIME     LOW   TIME   DAYS  DAYS RAIN AVG  HI  TIME    DIR BAROM HUM
---------------------------------------------------------------------------------------
1    69.0  80.3   1:43pm  64.7   4:22am    0    4  0.00   1  16   3:13pm ENE1014.8   84
2    70.8  84.5   3:28pm  60.9   6:06am    1    7  0.19   2  24   9:15pm  SW1012.3   78
3    66.5  78.3   4:37pm  58.7   6:31am    2    3  0.04   2  19   3:47pm  SW1014.5   83
4    68.9  81.8   4:19pm  57.6   7:02am    2    5  0.01   1  11   2:30pm   E1016.1   75
5    68.4  77.9   1:24pm  63.7   4:59am    0    4  0.00   1  19  11:58am   E1015.2   89
6    68.0  76.8   1:32pm  64.8   6:16am    0    3  1.62   1  31   2:36pm  SW1015.4   93
7    72.4  81.8   2:56pm  66.8   4:02am    0    7  0.00   2  28   8:10pm  SW1016.2   86
8    76.2  84.3   4:50pm  69.1   3:52am    0   11  0.00   2  17  11:42am  SW1015.9   81
9    78.0  87.2   4:24pm  71.3   3:52am    0   13  0.00   3  17   1:44pm  SW1016.1   78
10   78.6  87.0   3:56pm  70.9   5:30am    0   14  0.00   3  18   3:12pm  SW1014.3   75
11   72.2  80.5  12:09pm  64.2  11:54pm    0    7  0.05   3  29  12:32pm  SW1013.0   84
12   67.3  76.7   4:45pm  58.7   6:59am    1    3  0.01   4  31   2:04pm  NW1015.7   58
13   66.6  79.8   4:06pm  52.3   6:26am    3    5  0.00   3  19   3:28pm  NW1017.1   52
14   64.6  75.8   1:38pm  58.4   6:26am    2    2  0.00   2  14   1:59pm WSW1016.2   73
15   65.9  72.5   4:34pm  61.8   6:55am    1    2  0.44   1  16   2:55pm WSW1014.7   90
16   71.8  82.2   3:58pm  63.9   3:06am    0    7  0.01   1  12   2:00pm WSW1014.9   80
17   71.5  76.8   5:48pm  66.4  11:51pm    0    6  0.00   2  16   8:38pm   E1016.7   89
18   63.2  66.4  12:00am  59.5  11:56pm    2    0  0.30   3  18   9:06pm   E1018.5   94
19   59.3  61.2   3:39pm  57.6   6:07am    6    0  0.00   3  13  12:12pm   E1022.1   91
20   64.6  73.7   3:09pm  58.1   3:58am    3    3  0.00   1  11  12:57pm ENE1023.7   80
21   68.6  75.3   4:07pm  65.5   5:06am    0    4  0.33   1  11   4:35pm   E1019.6   85
22   64.9  66.9   6:12am  62.3  11:40pm    1    0  0.03   1  18   9:11am  NE1016.2   91
23   66.5  76.5   5:47pm  61.0   5:13am    1    3 44.19   1  10   1:27am   E1015.4   84
24   70.5  81.4   4:34pm  63.2   6:34am    0    6  0.00   1  13   4:24pm WSW1014.5   77
25   71.3  84.1   3:55pm  61.5   6:46am    1    7  0.14   1  20   9:08pm WSW1013.3   71
26   71.0  80.7   4:42pm  64.5   2:13am    0    6  0.00   2  14   4:26pm  NW1013.7   77
27   68.6  78.3   5:11pm  59.8   7:29am    1    5  0.00   3  17   1:27pm  NW1015.9   67
28   69.2  80.5   3:48pm  57.2   6:04am    2    6  0.00   2  16   1:03pm NNW1016.4   59
29   70.6  80.3   5:27pm  62.7   5:09am    0    6  0.00   4  28   2:22pm WSW1009.3   56
30   69.3  80.9   5:14pm  57.2   6:37am    2    6  0.00   3  18   4:01pm NNW1009.7   59
31   74.9  87.6   5:27pm  63.2   2:15am    0   10  0.00   5  35   6:56pm WSW1005.6   63
---------------------------------------------------------------------------------------
TOT  69.3  87.6  5/31/03  52.3  5/13/03   30  164 47.36   2  35  5/31/03 NNW1015.3   77

HEAT BASE: 65.0
COOL BASE: 65.0