NOAA-Style Climate Reports


Report for 2003 April
                  MONTHLY CLIMATOLOGICAL SUMMARY FOR 4/2003
                                        HEAT  COOL        
     MEAN                               DEG   DEG       WIND SPEED       DOM MEAN  MEAN
DAY  TEMP  HIGH   TIME     LOW   TIME   DAYS  DAYS RAIN AVG  HI  TIME    DIR BAROM HUM
---------------------------------------------------------------------------------------
1    57.1  73.7   3:56pm  39.6  12:53am   10    2  0.00   4  21   3:35pm  SW1026.1   45
2    63.5  76.7   3:04pm  51.0   6:45am    4    3  0.00   4  20   3:18pm  SW1023.5   47
3    65.9  78.8   3:44pm  53.9   6:30am    3    4  0.00   4  19   2:29pm  SW1019.9   53
4    67.0  79.0   4:09pm  57.2   5:10am    2    4  0.00   3  19   8:27pm  SW1015.3   63
5    64.7  73.3   5:23pm  58.4  11:52pm    2    1  0.12   2  13   8:54am   S1015.3   85
6    59.1  65.2  12:27pm  52.3   5:19am    6    0  0.00   2  14   5:03pm ENE1019.9   86
7    57.5  67.9  12:41pm  50.5  11:21pm    8    0  0.00   2  16  12:42pm  NE1018.9   94
8    50.1  51.7   4:19pm  48.8  11:53pm   15    0  0.12   2  11   6:07pm  NE1020.6   94
9    47.6  49.5  11:56am  46.1   8:00am   17    0  0.05   2  12  12:41pm  NE1013.7   92
10   45.8  48.6   6:24pm  43.8   9:15am   19    0  0.06   1  12   3:11pm   N1008.5   92
11   51.3  63.9   5:25pm  41.6   8:56am   14    0  0.06   2  21   6:58pm  NW1009.6   76
12   61.7  79.0   5:08pm  44.3   7:13am    7    4  0.04   2  16   5:12pm  NW1013.2   52
13   66.3  81.4   3:47pm  49.2   6:53am    4    6  0.02   1  16   2:10pm  NW1018.5   48
14   65.5  83.2   2:31pm  47.7   7:12am    5    5  0.01   1  11   3:48pm ENE1023.8   54
15   67.8  81.6   4:40pm  55.1   6:21am    2    5  0.01   1  14   1:43pm  SW1023.8   60
16   67.7  80.9   3:35pm  57.0   7:21am    2    5  0.00   1  13   4:42pm  SW1017.2   63
17   66.8  77.7   2:37pm  60.1   7:33am    1    3  0.00   2  19   5:16pm  SW1012.6   71
18   59.5  66.1  10:45am  53.5  11:43pm    5    0  0.40   2  18  11:14am  NE1017.4   90
19   58.6  66.3   5:13pm  52.5   7:33am    6    0  0.00   2  11  12:54am  NE1023.9   86
20   60.8  64.8   6:06pm  57.3   6:04am    4    0  0.00   1  10  12:46am  NE1023.2   92
21   64.4  73.9   3:47pm  56.3   4:03am    3    2  0.03   1  17   2:59pm  SW1015.1   92
22   61.4  69.9   4:37pm  52.6   7:11am    4    1  0.00   3  22  10:34am  NW1012.0   61
23   58.9  73.7   5:13pm  44.5   7:11am    7    1  0.00   1  14  12:00am  SW1016.9   53
24   59.8  73.2   4:02pm  45.2   6:40am    7    1  0.00   1  12   9:44pm  SW1016.8   64
25   62.4  72.3   6:00pm  56.2   4:50am    4    1  0.00   1  14  10:09pm  SW1007.0   87
26   65.6  75.1   4:11pm  57.0   7:39am    2    3  0.00   3  18   3:32pm  NW1004.6   71
27   66.7  79.8   4:07pm  53.9   6:31am    3    4  0.00   1  14  10:20am NNW1013.9   66
28   68.4  82.4   4:40pm  54.8   6:31am    2    6  0.00   1  11   4:15pm  SW1017.5   69
29   71.8  85.3   4:35pm  57.2   6:07am    2    8  0.00   2  17  10:34pm  SW1015.4   64
30   73.0  87.6   3:50pm  60.7   7:16am    1    8  0.00   1  16   2:34pm  SW1015.0   66
---------------------------------------------------------------------------------------
TOT  61.9  87.6  4/30/03  39.6   4/1/03  170   78  0.92   2  22  4/22/03 SSW1016.6   71

HEAT BASE: 65.0
COOL BASE: 65.0