NOAA-Style Climate Reports


Report for 2003 March
                  MONTHLY CLIMATOLOGICAL SUMMARY FOR 3/2003
                                        HEAT  COOL        
     MEAN                               DEG   DEG       WIND SPEED       DOM MEAN  MEAN
DAY  TEMP  HIGH   TIME     LOW   TIME   DAYS  DAYS RAIN AVG  HI  TIME    DIR BAROM HUM
---------------------------------------------------------------------------------------
1    46.6  50.5   3:22pm  41.1   6:01am   18    0  0.07   2  12   6:56am  NE1019.1   95
2    51.7  62.3  12:31pm  42.1  11:54pm   13    0  0.01   4  29   7:07pm  NW1011.9   79
3    47.2  60.1   2:57pm  34.4   6:57am   18    0  0.00   2  19   3:00am  NW1017.1   51
4    51.4  63.5  12:52pm  38.6   7:13am   14    0  0.02   1  13   6:29pm ENE1017.5   71
5    56.0  62.9   3:38pm  50.7   6:53am    9    0  0.29   1  22  11:33pm  NE1012.8   93
6    59.3  63.1   1:13pm  53.8  11:55pm    6    0  1.43   2  27   5:32am  SW1011.0   93
7    52.8  60.7   2:39pm  45.2  11:57pm   12    0  0.03   2  12  10:58am ENE1019.1   84
8    49.5  62.1   3:43pm  41.9   7:27am   15    0  0.00   1  10   2:21pm ESE1022.2   84
9    62.3  77.4   5:01pm  51.9   7:20am    5    3  0.00   2  18   5:10pm  NW1014.8   57
10   57.4  70.3   3:27pm  45.1   7:11am    8    1  0.00   3  14   1:54pm  NW1017.1   39
11   53.9  69.3   3:49pm  40.6   5:17am   11    0  0.00   1  16   3:50pm NNW1019.3   51
12   60.0  77.7   3:59pm  42.3   6:49am    8    3  0.00   1  19   4:07pm  SW1019.6   57
13   67.2  79.9   4:13pm  55.4   2:41am    3    5  0.00   2  17   2:29pm   W1015.7   63
14   59.1  67.1  12:00am  51.7  11:59pm    6    0  0.00   3  21   9:09am  NE1019.2   79
15   50.3  52.9   5:54pm  46.2   8:05am   15    0  0.35   3  16   7:44am  NE1019.5   86
16   56.7  67.6   2:47pm  51.1  12:14am    8    0  0.01   1   8  12:24am ENE1014.1   84
17   54.9  58.7   5:45pm  48.3   4:09am   10    0  0.54   2  14   6:38pm  NE1007.9   97
18   59.3  63.7   4:15pm  57.0  12:01am    6    0  0.04   2  12  10:25pm  NE1005.6   98
19   59.8  62.4   9:45am  54.5  12:00am    5    0  0.72   3  21   9:27pm ENE1011.0   98
20   52.8  55.7   2:45pm  50.7   4:58am   12    0  0.00   3  22  12:26am  NE1010.7   96
21   59.6  73.2   2:52pm  51.7  12:48am    7    1  0.16   2  22   4:44pm  NW1010.4   74
22   59.2  70.9   1:42pm  47.7   6:44am    7    1  0.00   2  20   4:53pm  NW1014.9   62
23   58.5  70.4   3:17pm  47.0   6:59am    7    1  0.03   1  14   4:12pm  NW1015.1   58
24   60.9  75.3   4:36pm  46.7   5:26am    6    2  0.01   1  13   2:31pm   N1017.2   46
25   62.7  79.2   1:56pm  44.9   6:32am    6    4  0.00   2  18   3:53pm SSW1017.2   53
26   65.2  78.6   2:47pm  57.6   6:58am    2    3  0.33   3  22   4:34pm  SW1013.4   63
27   63.1  72.1   4:06pm  56.9   8:27am    3    1  0.00   2  18  11:52am ENE1014.8   75
28   64.8  74.2   3:09pm  58.3   3:59am    3    2  0.00   1  13  11:57am NNE1015.5   77
29   61.8  74.9   2:32pm  50.8  11:51pm    5    2  0.00   3  21  11:34pm  NW1015.0   78
30   46.3  54.1   3:44pm  37.8  11:57pm   19    0  0.00   6  28   5:45pm  NW1016.7   65
31   44.2  56.7   3:40pm  32.4   6:41am   21    0  0.00   4  25   4:18pm  NW1026.9   42
---------------------------------------------------------------------------------------
TOT  56.6  79.9  3/13/03  32.4  3/31/03  289   29  4.04   2  29   3/2/03  NW1015.5   73

HEAT BASE: 65.0
COOL BASE: 65.0