NOAA-Style Climate Reports


Report for 2003 February
                  MONTHLY CLIMATOLOGICAL SUMMARY FOR 2/2003
                                        HEAT  COOL        
     MEAN                               DEG   DEG       WIND SPEED       DOM MEAN  MEAN
DAY  TEMP  HIGH   TIME     LOW   TIME   DAYS  DAYS RAIN AVG  HI  TIME    DIR BAROM HUM
---------------------------------------------------------------------------------------
1    46.4  55.9   4:00pm  39.6   2:45am   16    0  0.00   3  25   1:21pm  NW1017.2   66
2    52.7  68.9   3:41pm  38.5   5:11am   12    0  0.00   2  17   3:10pm  SW1016.9   59
3    54.3  66.1   5:08pm  39.9   7:23am   11    0  0.00   2  19   2:23pm SSW1014.4   72
4    52.9  63.4   4:42am  42.3  11:57pm   12    0  0.27   6  32   5:03am  NW1011.6   57
5    43.6  57.2   3:33pm  32.8   7:32am   20    0  0.00   3  17   8:23am  NW1021.9   34
6    41.1  44.1  12:21pm  37.6  11:52pm   24    0  0.65   2  12   2:52pm  NE1022.7   69
7    39.6  47.0   2:33pm  34.3  11:53pm   25    0  0.11   4  22  12:41pm  NW1019.4   79
8    35.6  44.6   2:43pm  27.8   7:56am   29    0  0.00   3  16   1:13am  NW1025.9   45
9    44.6  56.7   3:37pm  34.4   7:51am   20    0  0.01   2  10   1:26am WNW1021.8   37
10   43.6  52.9   2:02pm  35.6  11:59pm   21    0  0.49   4  34   1:16pm  NW1015.1   75
11   42.9  57.3   4:36pm  31.2   7:18am   22    0  0.00   3  21   2:03pm WSW1020.4   55
12   49.1  60.1   1:44pm  41.1   7:18am   16    0  0.00   6  37   2:41pm  NW1021.8   39
13   46.8  61.2   3:18pm  34.9   7:50am   17    0  0.00   3  24   4:37pm WNW1025.5   28
14   43.4  50.1   3:41pm  36.0   3:39am   22    0  0.03   1  10   5:20pm  NE1022.5   76
15   57.8  70.9   3:27pm  45.4   3:12am    8    1  0.01   1  11   3:48pm  SW1016.4   75
16   40.9  64.0  12:00am  31.9   3:12am   23    0  1.80   4  26  11:11am  NE1016.5   89
17   35.9  40.8   7:56pm  31.8  12:19am   29    0  0.01   1  14   8:44pm   W1017.5   87
18   41.6  55.0   4:29pm  34.3   7:03am   21    0  0.01   3  20   4:07am   W1023.1   71
19   45.8  58.0   4:32pm  34.6   4:28am   19    0  0.00   1  11  12:18pm  SW1025.9   72
20   53.9  68.1   3:37pm  43.6  12:01am   10    0  0.00   1   8   5:07pm  NE1023.9   67
21   51.5  56.3   2:48pm  47.1   6:22am   14    0  0.14   2  12   9:43pm  NE1015.9   81
22   60.6  74.4   3:30pm  50.4  12:00am    5    1  0.85   5  27   3:07pm ENE 999.0   87
23   47.1  56.3   3:28pm  40.1   7:39am   17    0  0.00   6  34   1:41am  NW1011.6   58
24   52.7  67.9   2:56pm  38.6   1:32am   11    0  0.00   2  19   4:02pm  SW1022.7   60
25   53.0  64.2   2:39pm  44.6   6:25am    9    0  0.00   1  11   6:12pm NNW1022.5   56
26   44.4  49.9  12:00am  39.5  11:51pm   21    0  0.24   2  12   3:10pm  NE1019.9   81
27   39.1  42.6  11:26pm  36.0   9:02am   25    0  0.34   2  16   4:07am  NE1015.2   92
28   46.4  58.6   3:41pm  40.3  12:02am   18    0  0.00   1  10   1:56pm  NE1019.2   86
---------------------------------------------------------------------------------------
TOT  46.6  74.4  2/22/03  27.8   2/8/03  498    3  4.96   2  37  2/12/03  NE1018.9   66

HEAT BASE: 65.0
COOL BASE: 65.0