NOAA-Style Climate Reports


Report for 2003 January
                  MONTHLY CLIMATOLOGICAL SUMMARY FOR 1/2003
                                        HEAT  COOL        
     MEAN                               DEG   DEG       WIND SPEED       DOM MEAN  MEAN
DAY  TEMP  HIGH   TIME     LOW   TIME   DAYS  DAYS RAIN AVG  HI  TIME    DIR BAROM HUM
---------------------------------------------------------------------------------------
1    55.7  59.0   2:47am  50.7   9:42pm    9    0  0.08   3  19   3:29pm  SW1007.8   88
2    51.6  58.4   3:48pm  48.3   9:55am   13    0  0.03   2  16   6:10am  SW1012.7   83
3    41.7  51.0  12:07am  32.5  11:56pm   23    0  0.01   6  32   3:48pm  NW1014.3   75
4    38.9  52.6   3:32pm  29.8   7:34am   26    0  0.00   3  18   6:33am  NW1020.5   52
5    45.0  60.4   4:08pm  31.5   5:35am   20    0  0.00   2  17   2:07pm SSW1018.6   59
6    41.4  49.5  12:46pm  32.9  11:49pm   23    0  0.00   5  32   4:57pm  NW1021.8   64
7    39.0  52.6   3:18pm  29.5   7:46am   26    0  0.00   3  17   3:50pm  NW1025.6   46
8    48.4  63.1   3:31pm  37.5   6:31am   17    0  0.00   5  25   2:33pm   W1014.1   47
9    56.5  67.4   2:57pm  48.8   4:51am    9    0  0.11   4  19   1:00pm WSW1007.8   62
10   49.5  56.5  12:00am  37.8  11:58pm   15    0  0.00   4  26   4:08pm  NW1012.1   56
11   37.2  47.6   1:32pm  29.3  12:00am   28    0  0.00   4  20  11:34pm  NW1022.5   37
12   34.4  41.5   3:06pm  28.1   7:55am   27    0  0.00   2  20  12:00am  NW1029.2   29
13   39.5  48.5   3:14pm  32.8   8:12am   23    0  0.00   2  16   1:34pm WNW1024.6   35
14   44.8  58.6   2:52pm  31.8   7:22am   20    0  0.00   3  21   5:14pm WNW1021.6   46
15   37.8  48.8   3:12pm  29.7   7:56am   20    0  0.00   3  17   9:41am  NW1026.9   41
16   35.2  48.6   3:25pm  26.1   7:12am   28    0  0.15   1  13   3:07pm NNW1021.9   61
17   32.3  38.2   2:35pm  24.8  11:52pm   33    0  0.01   6  27   9:10am  NW1021.3   54
18   26.7  37.8   3:37pm  15.9   7:37am   28    0  0.00   2  17   2:19pm  NW1024.1   42
19
20   47.3  62.3   2:47pm  34.1   2:29am   18    0  0.00   4  33   3:37pm  SW1021.0   52
21   58.6  65.2   1:59pm  54.1  12:00am    6    0  0.08   4  19  12:38pm  SW1014.6   76
22   45.6  55.9  12:00am  40.2  11:57pm   19    0  0.05   2  13   7:36am ENE1017.0   74
23   27.2  40.3  12:00am  15.1  11:55pm   38    0  0.01  10  34  12:29pm  NW1022.5   39
24   24.4  39.6   4:00pm  12.6   8:13am   31    0  0.00   2  17  12:00am  NW1032.6   40
25   34.2  47.0   2:47pm  23.5   7:12am   31    0  0.00   2  14   2:25pm WSW1028.9   37
26   40.0  48.8   2:50pm  36.2   8:16am   24    0  0.00   4  24   3:57pm WNW1024.4   39
27   35.0  44.9   3:11pm  25.7   7:51am   29    0  0.00   3  19   3:06am  NW1030.0   38
28   41.7  57.0   3:35pm  25.4   7:51am   23    0  0.00   2  16  10:30am SSW1029.2   40
29   49.6  54.1  11:13am  46.7   1:04pm   15    0  0.43   2  19  10:27am SSW1023.1   67
30   47.5  51.9   2:17am  40.3  11:34pm   18    0  0.70   1  12   1:07pm  NE1021.9   93
31   42.6  50.7   3:06pm  39.5   8:31am   22    0  0.01   1   7  12:00am ENE1021.5   79
---------------------------------------------------------------------------------------
TOT  41.3  67.4   1/9/03  12.6  1/24/03  663    0  1.67   3  34  1/23/03  NE1021.3   54

HEAT BASE: 65.0
COOL BASE: 65.0