NOAA-Style Climate Reports


Report for 2002 December
                  MONTHLY CLIMATOLOGICAL SUMMARY FOR 12/2002
                                        HEAT  COOL        
     MEAN                               DEG   DEG       WIND SPEED       DOM MEAN  MEAN
DAY  TEMP  HIGH   TIME     LOW   TIME   DAYS  DAYS RAIN AVG  HI  TIME    DIR BAROM HUM
---------------------------------------------------------------------------------------
1    37.4  46.2   3:14pm  29.5   7:48am   19    0  0.00   3  20  12:07am  NW1021.9   36
2    41.6  55.6   1:57pm  27.3   6:41am   23    0  0.00   1  14   2:51pm  SW1021.9   40
3    47.8  63.7   2:38pm  32.9   5:49am   16    0  0.00   0   7   9:12am ENE1023.2   56
4    38.2  50.5  12:00am  31.6  10:22pm   27    0  0.03   2  17   4:17am ENE1027.1   77
5    38.2  44.8   4:41pm  32.1  12:43am   20    0  0.05   2  17   3:12am  NW1018.6   90
6    39.5  51.0   3:03pm  31.6  11:49pm   26    0  0.00   1  12   2:08am  NW1024.5   73
7    37.5  54.5   3:50pm  26.4   7:29am   21    0  0.00   1  12  12:11pm  SW1029.2   69
8    41.6  55.7   2:17pm  29.3   4:45am   23    0  0.00   0  10   7:42pm  NW1027.9   58
9    43.8  48.3   1:18pm  40.9   7:46am   21    0  0.00   2  19   3:03pm  NE1029.2   58
10   42.0  44.6   9:48pm  39.8   5:54am   23    0  0.85   3  17   9:15am  NE1020.0   76
11   45.0  48.3  12:53pm  42.3   6:05am   20    0  0.02   2  14   3:01pm  NW1018.1   88
12   44.2  50.5  12:47pm  41.2   7:34am   21    0  0.00   2  14   4:08am  SW1023.2   81
13   45.5  49.5   5:48pm  42.1   6:12am   20    0  0.98   4  33   7:27am  NE1010.2   91
14   40.3  44.2  12:39pm  35.0  11:49pm   25    0  0.00   5  29  12:34am  NW1014.4   73
15   44.3  59.2   2:25pm  33.7   6:01am   21    0  0.00   3  19   9:14am WSW1018.5   56
16   50.6  64.7   3:02pm  38.0   1:31am   14    0  0.00   2  18   2:09pm WSW1017.2   65
17   47.3  57.6   2:20pm  40.8   1:31am   18    0  0.00   1  13   9:17am  NE1022.8   67
18   46.1  50.5   2:38pm  43.2  12:00am   17    0  0.00   3  14   2:04am  NE1026.7   57
19   49.2  61.5  11:51pm  44.8   1:23am   16    0  0.44   2  19  11:41pm  NE1018.6   76
20   51.5  62.4   1:12am  40.5  11:50pm   14    0  0.18   5  25   9:44am WSW1012.0   63
21   44.1  56.9   2:52pm  34.9   7:43am   20    0  0.00   3  20  12:28pm WSW1021.1   48
22   49.3  64.5   3:09pm  34.9   3:52am   15    0  0.00   2  20  12:39pm WSW1020.1   64
23   50.1  63.9   2:09pm  37.3   8:00am   15    0  0.02   1  10   1:45am  NW1022.1   50
24   45.7  50.2   1:43am  43.1  11:36pm   19    0  1.72   3  20   6:59am  NE1009.2   91
25   37.6  44.6   4:32am  31.0  11:49pm   27    0  0.01   7  34  10:36am  NW1012.6   72
26   35.4  46.1   3:50pm  28.4   7:22am   27    0  0.00   2  16   2:15am  NW1026.0   64
27   36.9  52.2   1:55pm  26.0   7:12am   26    0  0.00   2  14   4:44pm WNW1026.5   64
28   42.4  54.4   3:38pm  31.8   8:01am   23    0  0.00   2  20   2:48pm WNW1026.4   51
29   50.1  65.8   2:53pm  39.3   8:11am   15    0  0.00   2  13   2:48pm WSW1023.8   51
30   46.4  61.3   2:34pm  34.4   7:15am   14    0  0.00   0  12   2:04pm SSW1023.9   67
31   54.0  65.3   3:19pm  43.5   5:49am   11    0  0.53   1  18   9:33pm  NE1016.3   77
---------------------------------------------------------------------------------------
TOT  44.0  65.8 12/29/02  26.0 12/27/02  615    0  4.83   2  34 12/25/02 WSW1021.1   66

HEAT BASE: 65.0
COOL BASE: 65.0