NOAA-Style Climate Reports


Report for 2002 November
                  MONTHLY CLIMATOLOGICAL SUMMARY FOR 11/2002
                                        HEAT  COOL        
     MEAN                               DEG   DEG       WIND SPEED       DOM MEAN  MEAN
DAY  TEMP  HIGH   TIME     LOW   TIME   DAYS  DAYS RAIN AVG  HI  TIME    DIR BAROM HUM
---------------------------------------------------------------------------------------
1    50.4  63.7   3:08pm  41.1   4:36am   15    0  0.00   3  17   1:30pm  NW1023.6   71
2    49.4  61.5   3:46pm  37.6   7:02am   15    0  0.00   2  14  12:20am  NW1023.4   59
3    51.4  59.5   1:46pm  45.5   6:10am   14    0  0.10   1  11   3:04am  NW1022.5   67
4    53.9  60.5   3:13pm  49.9  12:47am   11    0  0.06   1  10   9:27am  NW1018.8   91
5    53.5  54.7   6:00pm  51.6  11:48pm   12    0  1.05   2  14  10:41pm ENE1014.5   94
6    52.6  59.2   1:56pm  42.5  11:54pm   12    0  0.00   5  30  10:57am  NW1012.6   71
7    48.7  63.1   2:30pm  38.8   7:23am   16    0  0.00   2  14  12:35am  NW1023.4   68
8    50.3  66.8   3:40pm  37.3   5:55am   15    0  0.00   0  14   2:14pm  SW1024.8   75
9    57.0  71.3   2:56pm  43.9   4:05am    9    1  0.02   1  13   2:34pm  SW1020.4   83
10   67.6  74.9   3:49pm  60.5   4:05am    1    4  0.00   2  19   3:26pm  SW1011.4   88
11   66.4  73.2  12:18am  62.7   8:08am    0    2  1.40   2  21  12:18am NNW1012.3   92
12   58.5  63.4  12:00am  52.5  11:48pm    6    0  0.72   2  17   5:03am  NW1016.2   87
13   50.7  61.8   3:14pm  41.5  11:36pm   14    0  0.00   2  16   8:55am  NW1022.3   63
14   48.0  63.2   1:51pm  35.3   6:48am   17    0  0.00   1  13   1:53pm  SW1023.3   69
15   50.7  64.8   2:05pm  36.0   7:04am   14    0  0.05   0  12  11:41pm  SW1017.5   84
16   54.7  57.3   1:37pm  47.0  11:56pm   10    0  0.93   1  14  10:52pm  NW1011.3   94
17   42.6  50.1  12:26pm  35.8  11:49pm   17    0  0.00   6  28   5:36pm  NW1013.7   75
18   44.2  60.4   2:58pm  31.5   7:04am   21    0  0.00   2  13  11:01am  SW1027.0   66
19   45.9  53.8   3:54pm  38.8   7:04am   19    0  0.01   0  11   9:04am  SW1027.2   89
20   47.9  54.4   2:48pm  42.2   3:23am   17    0  0.01   1   7  10:16am  NE1023.7   92
21   54.7  63.1   3:44pm  50.7   5:08am   10    0  0.01   1  12   2:06pm  SW1014.4   85
22   45.1  51.6  12:00am  34.9  11:50pm   20    0  0.01   6  28  12:03pm  NW1013.5   56
23   42.2  57.6   3:19pm  29.5   6:04am   23    0  0.00   1  13   3:17pm  SW1023.0   54
24   51.0  69.6   3:35pm  37.0   6:58am   14    0  0.00   1  12   3:18pm  NW1023.4   58
25   49.9  66.8   2:02pm  35.2   7:18am   12    0  0.00   1  10  12:56pm  SW1022.0   62
26   51.1  66.9   3:19pm  35.6   7:39am   14    0  0.00   0  10   3:04pm NNW1021.5   66
27   44.4  54.8  12:51am  32.7  12:00am   21    0  0.00   4  21   2:49pm  NW1022.6   70
28   37.1  48.0   3:12pm  29.4   4:04am   26    0  0.00   2  13   4:40pm  NW1026.4   60
29   42.5  56.2   3:38pm  29.0   6:25am   23    0  0.00   3  20  12:46pm  SW1021.4   52
30   52.7  62.4   2:58pm  44.3  11:56pm   12    0  0.00   6  29   1:06pm  SW1012.1   41
---------------------------------------------------------------------------------------
TOT  50.5  74.9 11/10/02  29.0 11/29/02  431    7  4.37   2  30  11/6/02  NW1019.8   73

HEAT BASE: 65.0
COOL BASE: 65.0