NOAA-Style Climate Reports


Report for 2002 October
                  MONTHLY CLIMATOLOGICAL SUMMARY FOR 10/2002
                                        HEAT  COOL        
     MEAN                               DEG   DEG       WIND SPEED       DOM MEAN  MEAN
DAY  TEMP  HIGH   TIME     LOW   TIME   DAYS  DAYS RAIN AVG  HI  TIME    DIR BAROM HUM
---------------------------------------------------------------------------------------
1    74.1  85.7   4:38pm  66.8  12:45am    0    9  0.00   1   7  11:31am  NE1022.1   79
2    74.9  85.7   2:36pm  66.0   7:39am    0    8  0.00   0   8   1:58pm  SW1020.7   81
3    74.8  86.5   4:07pm  65.6   7:20am    0    8  0.00   0  12   3:26pm  SW1018.4   79
4    75.3  84.5   2:29pm  67.9   7:31am    0    7  0.00   1  17   2:18pm  SW1016.3   80
5    77.5  89.0   3:38pm  69.8  11:56pm    0   13  0.00   2  16   3:33pm  SW1017.1   80
6    74.7  87.2   3:39pm  64.2   7:34am    0    7  0.00   1  10  10:00am  NW1018.9   78
7    74.9  85.7   2:00pm  68.6   7:12am    0   10  0.00   2  17  11:17am  NW1016.4   77
8    66.7  71.6   1:45am  60.2  11:54pm    1    2  0.00   3  16  10:13am  NE1019.1   75
9    60.4  64.5   3:48pm  57.0   7:09am    4    0  0.00   2  12  12:43am  NE1022.9   86
10   65.1  70.1   4:42pm  61.2  12:45am    1    1  0.02   2  10   8:22am   N1020.8   88
11   71.3  81.4   3:50pm  65.8   6:43am    0    6  0.00   1  10  12:51am   N1017.1   82
12   73.1  84.0   3:44pm  63.7   5:55am    0    7  0.00   0   7   1:15pm  NW1018.7   83
13   71.7  78.6   2:38pm  64.0  11:55pm    0    7  0.14   1  12   4:16pm  SW1019.2   87
14   62.4  66.6   1:23pm  55.7  11:53pm    3    0  0.06   3  18  11:20am  NE1020.8   80
15   52.6  56.0  12:15am  51.4   7:31am   12    0  1.01   2  17   6:54am  NE1013.8   92
16   59.6  69.8   2:33pm  51.1  11:53pm    6    1  0.06   3  20   1:15pm  NW1007.8   79
17   53.7  66.6   2:56pm  44.6   7:53am    9    0  0.00   1  19   5:12pm  NW1016.3   70
18   53.0  67.9   3:03pm  41.3   6:47am   11    0  0.00   0  10  12:41pm  SW1023.3   73
19   56.6  70.4   4:16pm  44.6   7:35am    9    1  0.00   0  12  12:20pm  SW1021.6   77
20   61.8  73.7   3:45pm  52.9   6:40am    5    1  0.68   1  11   1:15pm  SW1017.4   88
21   65.2  72.5   4:01pm  61.0  11:47pm    1    1  0.00   1   8   4:02pm  NW1016.5   88
22   59.9  67.6   5:09pm  55.6  11:42pm    5    0  0.00   1  10   7:33am  NE1021.1   90
23   55.9  59.2   4:12pm  53.6   8:30am    9    0  0.00   1  11   7:36am  NE1024.6   91
24   60.3  66.1   1:38pm  55.4   8:30am    5    0  0.01   2  13   9:20pm  NE1022.7   84
25   57.1  58.4   3:25pm  56.3   5:16am    8    0  0.05   2  12  12:23am  NE1020.8   92
26   61.7  69.1   2:12pm  56.6   3:27am    4    1  0.00   1   7  10:41am  SW1017.8   90
27   65.4  73.2  11:59am  58.4   7:30am    2    2  0.00   0   6  12:08pm  NE1018.8   88
28   66.9  70.9   3:27pm  64.8   4:43am    0    2  0.79   0  17   4:55pm  SW1015.0   94
29   59.5  65.2  12:00am  53.3  11:13pm    6    0  0.09   1  12   1:15pm  NE1012.3   96
30   58.2  72.0   1:54pm  49.4   1:59am    7    1  0.02   3  24  12:32pm  NW1012.1   83
31   53.4  66.4   3:11pm  44.6   6:55am   12    0  0.00   2  14   3:13pm  NW1019.1   71
---------------------------------------------------------------------------------------
TOT  64.6  89.0  10/5/02  41.3 10/18/02  119   93  2.93   1  24 10/30/02  NW1018.4   83

HEAT BASE: 65.0
COOL BASE: 65.0