NOAA-Style Climate Reports


Report for 2002 September
                  MONTHLY CLIMATOLOGICAL SUMMARY FOR 9/2002
                                        HEAT  COOL        
     MEAN                               DEG   DEG       WIND SPEED       DOM MEAN  MEAN
DAY  TEMP  HIGH   TIME     LOW   TIME   DAYS  DAYS RAIN AVG  HI  TIME    DIR BAROM HUM
---------------------------------------------------------------------------------------
1
2
3
4
5
6
7    81.4  88.2   4:19pm  65.2   7:14am    0    6  0.01   1  14  12:07pm ENE1021.8   52
8    76.0  88.0   4:41pm  65.6   6:45am    0   10  0.00   2  17  11:09am  NE1022.5   62
9    76.5  92.5   4:30pm  63.1   6:45am    0   11  0.00   1  13   3:52pm   N1018.2   55
10   78.6  96.6   4:17pm  61.8   7:35am    0   14  0.00   1  17   4:07pm  NW1011.5   49
11   80.2  96.1   3:42pm  63.2   7:26am    0   15  0.00   2  17   4:43pm  NW1009.5   50
12   78.0  88.8   4:50pm  70.6   7:41am    0   13  0.00   2  21   1:10pm  NE1014.1   50
13   73.3  82.8   1:53pm  69.4   7:33am    0    8  1.29   1  14   2:58pm  SW1018.2   78
14   71.6  80.9   3:14pm  67.4   2:22am    0    7  4.43   0  21   4:06pm ENE1019.4   95
15   70.8  75.6   4:52pm  68.3   8:52am    0    4  0.83   1  12   2:24pm ENE1017.7   96
16   75.9  88.0   5:04pm  67.4   6:47am    0   10  0.01   1  10   2:24pm  SW1016.9   82
17   77.5  85.9   2:40pm  71.8   6:38am    0   10  0.00   0   7  11:01am  NE1016.2   78
18   74.3  81.4   3:09pm  71.1  11:56pm    0    9  0.84   1  11   1:50am   E1015.9   90
19   74.8  82.8   3:51pm  70.3   6:38am    0    8  0.00   1   8   4:24pm ENE1015.8   85
20   75.3  82.0   5:00pm  72.8   6:38am    0   10  0.03   1  12   3:39pm   E1014.7   88
21   74.4  82.2   5:27pm  71.1   7:10am    0    9  0.01   0  10   2:54pm ENE1014.7   86
22   74.6  80.9   1:48pm  70.9   6:40am    0    8  0.00   1  10   4:57pm  NW1015.0   85
23   74.6  81.6   3:35pm  70.9   6:00am    0    9  0.00   1  13  10:46am  NE1016.4   79
24   71.0  74.0   3:09pm  68.9   4:02am    0    6  0.00   2  13   8:30am   N1020.6   81
25   63.7  70.3  12:00am  60.4   8:04pm    2    0  0.72   4  22   1:41pm  NE1019.5   89
26   65.9  74.6  11:42pm  60.5  12:00am    2    2  0.60   3  16   5:32pm  NE1010.6   95
27   74.6  78.5  11:45am  70.1  11:51pm    0   10  0.03   3  25  11:49am  SW1005.6   86
28   71.9  79.9   3:37pm  64.7   7:46am    0    7  0.00   1  11  12:01pm  NE1014.2   84
29   72.1  76.8   4:50pm  69.1   7:17am    0    6  0.00   2  14  11:17am  NE1020.2   80
30   71.6  79.6   1:39pm  67.4  11:12pm    0    7  0.00   2  11  11:58am  NE1022.4   77
---------------------------------------------------------------------------------------
TOT  73.9  96.6  9/10/02  60.4  9/25/02    4  201  8.80   1  25  9/27/02  NE1016.2   78

HEAT BASE: 65.0
COOL BASE: 65.0