NOAA-Style Climate Reports


Report for 2018 May
                  MONTHLY CLIMATOLOGICAL SUMMARY FOR 5/2018
                                        HEAT  COOL        
     MEAN                               DEG   DEG       WIND SPEED       DOM MEAN  MEAN
DAY  TEMP  HIGH   TIME     LOW   TIME   DAYS  DAYS RAIN AVG  HI  TIME    DIR BAROM HUM
---------------------------------------------------------------------------------------
1    66.2  82.7   5:01pm  48.2   6:42am    5    6  0.00   0   6   4:32pm SSW  1025   61
2    70.4  84.0   4:34pm  56.2   6:12am    2    7  0.00   0   5   9:17am SSW  1025   61
3    71.1  84.6   4:26pm  57.3   6:46am    1    7  0.00   0   7   2:42pm SSW  1024   62
4    72.5  85.8   5:32pm  59.1   6:46am    1    9  0.00   0   6  12:58pm SSW  1021   66
5    73.0  80.5   2:34pm  64.2   7:05am    0    8  0.00   0   4   3:32pm SSW  1017   71
6    71.8  81.1   5:16pm  62.5   7:01am    0    7  0.00   0  16  12:29pm  NW  1014   62
7    71.3  83.7   4:01pm  58.0   6:47am    1    8  0.00   0  11  10:29am   E  1017   58
8    69.9  80.5   5:44pm  61.7   7:00am    0    5  0.00   0  11   3:32am   E  1020   68
9    72.1  85.1   4:30pm  57.9   6:51am    1    8  0.00   0   1   9:26am   N  1020   65
10   74.5  88.6   3:51pm  61.2   7:06am    1   10  0.00   0  10   6:54pm  NW  1018   64
11   77.3  90.6   3:30pm  62.9   6:04am    0   13  0.00   0   5   3:21pm SSW  1019   61
12   79.5  91.7   3:37pm  65.9   6:51am    0   14  0.00   0   4   6:41pm WNW  1019   61
13   79.8  95.0   5:03pm  65.2   6:42am    0   15  0.00   0   5   2:22pm  NW  1018   56
14   79.6  93.3   2:19pm  67.8   6:41am    0   15  0.00   0   2  12:55pm SSW  1016   63
15   73.6  79.6  11:25am  70.6  11:55pm    0    9  0.32   0   9   4:37pm   E  1016   84
16   71.5  75.3   1:50pm  69.9   5:54am    0    6  0.92   0   7   5:22am  SW  1013   94
17   73.8  82.9   3:24pm  68.5   2:19am    0    9  0.00   0   1  12:58pm ENE  1012   86
18   73.0  84.3   3:57pm  66.9  11:20pm    0    8  0.34   0   5   4:06pm SSW  1013   87
19   74.2  83.9   5:53pm  67.2  12:00am    0    9  0.18   0   2   1:13pm   E  1017   88
20   74.5  86.3   3:13pm  68.5  10:25pm    0   10  1.12   0  10   7:44pm WNW  1020   87
21   75.2  85.4   3:33pm  67.6   6:44am    0   10  0.02   0   3   2:27pm ENE  1021   79
22   73.4  83.7   3:02pm  68.5  11:34pm    0    8  2.84   0   8   9:57pm   E  1019   88
23   72.6  82.2   4:13pm  68.1   2:19am    0    8  0.23   0   1   3:55pm  NW  1018   92
24   75.5  87.6   5:08pm  69.6   6:27am    0   11  0.11   0   9   6:48pm ENE  1019   86
25   73.8  80.5   3:03pm  70.7   5:07am    0    9  0.49   0   2   4:15am SSW  1017   90
26   72.3  80.2  12:32pm  70.3   2:56am    0    4  0.17   0   1   7:30am WSW  1015   93
---------------------------------------------------------------------------------------
TOT  73.6  95.0  5/13/18  48.2   5/1/18   13  232  6.74   0  14   5/6/18  NW  1018   74

HEAT BASE: 65.0
COOL BASE: 65.0