NOAA-Style Climate Reports


Report for 2017 August
                  MONTHLY CLIMATOLOGICAL SUMMARY FOR 8/2017
                                        HEAT  COOL        
     MEAN                               DEG   DEG       WIND SPEED       DOM MEAN  MEAN
DAY  TEMP  HIGH   TIME     LOW   TIME   DAYS  DAYS RAIN AVG  HI  TIME    DIR BAROM HUM
---------------------------------------------------------------------------------------
1    77.8  89.2   4:25pm  64.3   6:45am    0   13  0.00   0   1  10:56am   E  1019   63
2    78.5  89.1   4:44pm  70.0   6:54am    0   14  0.00   0   2   5:11pm ENE  1019   70
3    78.3  86.8   4:36pm  70.3   6:39am    0   13  0.00   0   7   9:54pm SSW  1019   74
4    78.1  88.7   5:39pm  70.5   6:03am    0   13  0.12   0  10  10:31pm SSW  1017   77
5    79.8  90.1   3:54pm  70.6  12:26am    0   15  0.06   0   5   1:01pm  NW  1016   75
6    77.9  90.7   3:05pm  69.9   7:03am    0   13  0.04   0  15   4:18pm SSW  1017   77
7    78.4  88.2   5:32pm  72.0   6:00am    0   13  0.40   0  12   3:54pm SSW  1016   84
8    74.2  78.8   6:23pm  70.5   4:44am    0    9  0.05   0   2   1:54am  NW  1017   91
9    73.8  77.3   2:12pm  70.8  10:35am    0    9  0.03   0   8   3:44pm   E  1021   90
10   76.6  83.9   7:07pm  72.0   1:29am    0   12  0.02   0   1   9:33am   E  1022   87
11   77.3  85.4   5:46pm  73.4   4:42am    0   12  0.02   0   9   1:46pm  SW  1018   90
12   80.4  90.3   4:58pm  73.0   5:54am    0   15  0.03   0   1   2:39pm   N  1014   83
13   82.1  92.0   6:18pm  74.3   6:47am    0   17  0.01   0   1   1:50pm   N  1013   78
14   81.2  89.4   1:16pm  75.2   7:12am    0   16  0.02   0  10   3:18pm WNW  1013   85
15   82.0  91.8   3:55pm  73.7   6:51am    0   17  0.02   0  10  12:38pm  NW  1013   80
16   84.4  94.0   5:16pm  75.8   6:33am    0   19  0.01   0   8  10:22pm  NW  1016   74
17   83.3  91.9   3:13pm  76.0   6:42am    0   18  0.01   0   9   4:13pm  NW  1016   76
18   83.4  91.3   6:05pm  75.6   7:09am    0   18  0.01   0   9   1:26pm  NW  1014   73
19   80.9  90.9   6:15pm  71.0   6:59am    0   16  0.01   0   1   2:23am  NW  1015   69
20   82.7  94.4   5:32pm  71.2   7:19am    0   18  0.00   0   1   1:17pm   N  1018   72
21   83.2  93.1   4:42pm  74.2   7:15am    0   18  0.00   0   3   1:02pm SSW  1021   74
22   77.6  87.6  11:41am  74.0   7:20am    0    6  0.00   0   0  12:00am   N  1020   87
---------------------------------------------------------------------------------------
TOT  79.7  94.4  8/20/17  64.3   8/1/17    0  316  0.86   0  15   8/6/17 SSW  1017   78

HEAT BASE: 65.0
COOL BASE: 65.0