NOAA-Style Climate Reports


Report for 2017 March
                  MONTHLY CLIMATOLOGICAL SUMMARY FOR 3/2017
                                        HEAT  COOL        
     MEAN                               DEG   DEG       WIND SPEED       DOM MEAN  MEAN
DAY  TEMP  HIGH   TIME     LOW   TIME   DAYS  DAYS RAIN AVG  HI  TIME    DIR BAROM HUM
---------------------------------------------------------------------------------------
1    68.1  78.8   4:08pm  58.4   4:07am    2    5  0.30   1  34   7:57pm SSW  1016   79
2    53.8  62.1  12:00am  44.7   7:27am   11    0  0.00   1  20   1:13am  NW  1023   40
3    49.5  60.9   4:01pm  38.1   7:15am   16    0  0.00   1  18   2:21pm  NW  1033   39
4    48.6  63.7   4:13pm  32.7   7:05am   16    0  0.00   0   1   9:50am ENE  1036   40
5    54.2  69.6   3:19pm  37.3   7:27am   11    1  0.00   0   5  12:49pm ENE  1034   50
6    61.2  70.3   3:29pm  52.4   7:27am    5    1  0.00   0  12   1:40pm SSW  1030   57
7    62.3  73.0   1:55pm  53.9   5:56am    5    2  0.28   1  20   7:31pm SSW  1026   76
8    62.8  73.5   4:16pm  51.8  11:58pm    4    2  0.01   0  17   5:18am  NW  1025   50
9    59.7  77.2   4:20pm  41.5   7:17am    8    3  0.00   0   8   4:00pm SSW  1024   42
10   61.1  72.7   2:40pm  50.2  11:59pm    5    1  0.23   1  24   4:29am  NW  1018   56
11   52.5  62.3   3:17pm  40.5   7:12am   13    0  0.02   0  11  12:28am  NW  1025   45
12   42.3  48.4  12:00am  37.6  11:56pm   22    0  0.34   0  16   9:29am   E  1027   84
13   38.3  42.3   2:51pm  33.8   6:25am   27    0  0.04   0  11   2:39pm   E  1023   87
14   42.8  50.7  12:46pm  34.6  11:46pm   22    0  0.14   1  21   5:37pm  NW  1015   75
15   36.4  44.5   3:35pm  30.1   7:40am   29    0  0.00   0  18   5:54am  NW  1026   41
16   41.5  56.7   5:58pm  28.1   6:38am   23    0  0.00   0   8   3:27pm  NW  1029   36
17   50.9  65.7   6:34pm  34.6   7:56am   14    0  0.00   0  12   4:57pm SSW  1029   45
18   62.4  71.4   5:04pm  55.5   7:57am    4    1  0.13   0  19   7:03pm  NW  1022   62
19   56.4  67.9   5:59pm  45.4   7:53am    9    0  0.00   0  15   2:02am  NW  1023   43
20   59.1  76.3   5:39pm  43.7   8:09am    9    3  0.00   0   4   3:51pm  SW  1023   49
21   70.0  87.8   5:40pm  57.2   7:52am    1    6  1.89   0  38   9:22pm  NW  1016   63
22   63.6  73.0   5:07pm  58.1   6:25am    3    2  0.00   0   8   5:20am  NW  1019   74
23   56.6  64.5   4:05pm  48.2   7:39am    8    0  0.00   0  14   9:51am   E  1031   44
24   61.6  74.3   3:42pm  52.8   8:08am    5    2  0.00   0   7   2:51pm SSW  1031   59
25   66.3  77.2   5:02pm  56.8   7:56am    2    4  0.00   0  10   4:21pm SSW  1025   66
---------------------------------------------------------------------------------------
TOT  55.3  87.8  3/21/17  28.1  3/16/17  274   32  3.38   0  38  3/21/17  NW  1025   56

HEAT BASE: 65.0
COOL BASE: 65.0