NOAA-Style Climate Reports


Report for 2018 January
                  MONTHLY CLIMATOLOGICAL SUMMARY FOR 1/2018
                                        HEAT  COOL        
     MEAN                               DEG   DEG       WIND SPEED       DOM MEAN  MEAN
DAY  TEMP  HIGH   TIME     LOW   TIME   DAYS  DAYS RAIN AVG  HI  TIME    DIR BAROM HUM
---------------------------------------------------------------------------------------
1    30.6  35.1   3:57pm  25.1  11:58pm   34    0  0.00   0   3   6:54am ENE  1033   52
2    27.1  37.1   4:06pm  16.4   8:06am   38    0  0.00   0   3   1:18pm   N  1036   48
3    32.3  40.9   3:29pm  26.1   7:56am   33    0  0.00   0   1  12:40pm   N  1024   40
4    30.3  37.3   1:40pm  24.0  11:58pm   35    0  0.00   0   9  10:52am WNW  1020   46
5    28.9  40.6   3:48pm  19.6   7:47am   36    0  0.00   0   4   3:30pm WNW  1028   44
6    32.1  42.2   3:51pm  23.5   7:43am   33    0  0.00   0   1  10:07am NNW  1033   40
7    29.7  38.0   2:34pm  21.6   8:05am   35    0  0.00   0   1   8:41am NNE  1037   43
8    36.1  42.1   3:09pm  29.3  12:27am   29    0  0.05   0   1   1:30am NNW  1029   58
9    52.7  67.9   4:31pm  39.4   3:15am   13    0  0.00   0   0  12:00am   N  1025   80
10   59.8  66.3   2:35pm  55.4   5:07am    5    0  0.02   0   4   5:45am  NE  1025   74
11   54.9  59.8  10:46pm  50.3   6:23am   10    0  0.92   0   7   4:23am ENE  1020   95
12   56.5  63.6   5:28am  32.7  11:55pm    8    0  0.55   0  29   8:09pm WNW  1009   93
13   35.3  44.3   3:11pm  29.7  11:46pm   30    0  0.00   0  19   9:02am WNW  1023   67
14   32.8  43.0   4:28pm  24.3   7:26am   32    0  0.00   0   0  12:00am   N  1035   59
15   35.3  47.8   4:54pm  26.6   8:17am   30    0  0.00   0   2   3:03pm   S  1034   60
16   39.7  51.9   2:54pm  27.9   7:20am   25    0  0.00   0   1   2:25pm WNW  1031   68
17   28.2  37.0  12:00am  22.2   9:24am   37    0  0.03   0   3   7:31am WNW  1029   69
18   31.9  48.6   4:23pm  19.1   7:20am   33    0  0.00   0   2  12:15pm   W  1031   50
19   42.9  58.6   3:46pm  30.6   3:45am   22    0  0.00   0   6   2:23pm SSW  1027   32
20   50.1  67.1   4:16pm  35.9   5:04am   15    0  0.00   0   3   8:09am  SW  1026   45
21   54.7  71.9   4:09pm  39.6   6:18am   11    1  0.00   0   0  12:00am   N  1025   66
22   54.9  64.1   5:45pm  44.1   7:08am   10    0  0.59   0   2  12:40pm   N  1020   86
23   55.3  63.2   3:06am  44.4  11:58pm   10    0  0.03   0  13   1:39pm  SW  1016   62
---------------------------------------------------------------------------------------
TOT  40.5  71.9  1/21/18  16.4   1/2/18  565    2  2.19   0  23  1/12/18 WNW  1027   60

HEAT BASE: 65.0
COOL BASE: 65.0