NOAA-Style Climate Reports


Report for 2020 February
                  MONTHLY CLIMATOLOGICAL SUMMARY FOR 2/2020
                                        HEAT  COOL        
     MEAN                               DEG   DEG       WIND SPEED       DOM MEAN  MEAN
DAY  TEMP  HIGH   TIME     LOW   TIME   DAYS  DAYS RAIN AVG  HI  TIME    DIR BAROM HUM
---------------------------------------------------------------------------------------
1    45.9  55.1   4:13pm  41.2  12:35am   38    0  0.00   0  13   5:04pm WNW  1018   84
2    51.5  65.5   3:59pm  40.3   7:12am   27    0  0.00   0  12   1:22pm WNW  1017   60
3    59.5  76.7   3:53pm  40.7   7:05am   16    5  0.00   0   9  10:16pm WNW  1019   54
4    61.1  68.0   3:37pm  52.3   7:38am    9    1  0.00   0   7  10:27am WNW  1018   75
5    63.4  66.1   4:03pm  60.8   3:16am    3    0  0.42   0  10   7:39pm WNW  1013   90
6    64.1  71.6  11:04am  55.9  11:58pm    4    2  3.46   0  26   9:57am WNW   999   93
7    42.6  55.9  12:00am  35.2  11:16pm   45    0  0.02   0  25   3:21am WNW  1010   73
8    35.3  38.0  10:25am  31.8   7:14am   59    0  0.21   0   1   5:48pm WNW  1028   89
9    38.1  48.3   4:55pm  32.4   8:03am   54    0  0.00   0   1   2:47pm WNW  1034   91
10   44.9  52.9  11:37pm  36.2   3:37am   40    0  0.99   0   1   8:45pm WNW  1027   90
11   63.9  73.5   2:47pm  52.8  12:05am    7    5  0.23   0  20  12:35pm WNW  1018   90
12   63.1  70.4   3:37pm  56.5   5:52am    6    2  0.00   0   6  11:53pm WNW  1017   89
13   61.6  69.8   7:43am  46.3  11:59pm    9    2  0.89   0  20   4:16pm WNW  1013   82
14   47.9  59.3   3:35pm  38.4   7:47am   34    0  0.00   0  17   4:31pm  NW  1027   52
15   44.4  56.4   4:40pm  35.9   7:30am   41    0  0.00   0  14   8:49am  NW  1032   54
16   43.5  45.7  10:50pm  40.8   3:30am   43    0  0.25   0   3  12:16pm  NW  1025   86
17   49.4  55.7   5:39pm  43.6   6:17am   31    0  0.00   0   1  12:02pm  NW  1023   90
18   56.8  67.6   3:22pm  47.4   1:06am   17    0  2.04   0   3   5:08pm  NW  1024   85
19   55.2  58.6  12:00am  49.5  11:57pm   10    0  0.19   0   9  11:19pm   E  1025   90
20   42.8  49.5  12:00am  39.1  11:01pm   22    0  1.03   0  10   8:35am   E  1027   88
21   42.2  50.6   4:07pm  34.6  11:57pm   23    0  0.00   0  12   1:18pm   E  1032   66
22   42.7  58.5   4:42pm  29.3   7:29am   22    0  0.00   0   7  12:42pm SSW  1032   64
23   48.0  60.3   3:33pm  34.3   5:40am   17    0  0.00   0   2  12:28pm SSW  1026   59
24   48.5  52.6  12:00am  45.8   9:20am   13    0  0.74   0   1   9:37am   N  1020   80
---------------------------------------------------------------------------------------
TOT  50.9  76.6   2/3/20  29.2 12/20/19  591   18 10.47   0  26   2/6/20 SSW  1021   74

HEAT BASE: 65.0
COOL BASE: 65.0